{"id":1432,"date":"2025-10-19T17:05:36","date_gmt":"2025-10-19T15:05:36","guid":{"rendered":"https:\/\/ierrop.shop\/index.php\/produit\/let-them-smoke\/"},"modified":"2025-12-04T11:26:27","modified_gmt":"2025-12-04T10:26:27","slug":"let-them-smoke","status":"publish","type":"product","link":"https:\/\/ierrop.shop\/index.php\/produit\/let-them-smoke\/","title":{"rendered":"LET THEM SMOKE"},"content":{"rendered":"<p>Angers zinzineries!!<\/p>\n<p>Des affiches de qualit\u00e9 mus\u00e9e r\u00e9alis\u00e9es sur un papier mat \u00e9pais. Ajoutez un merveilleux accent \u00e0 votre chambre et \u00e0 votre bureau gr\u00e2ce \u00e0 ces affiches qui ne manqueront pas d&#8217;\u00e9gayer tout environnement.<\/p>\n<p>\u2022 \u00c9paisseur du papier\u00a0: 10,3 mil<br \/>\n\u2022 Poids du papier\u00a0: 189\u00a0g\/m\u00b2<br \/>\n\u2022 Opacit\u00e9\u00a0: 94\u00a0%<br \/>\n\u2022 Les affiches 21 \u00d7 30 cm sont de format A4<br \/>\n\u2022 Papier provenant du Japon<\/p>\n<p>Age restrictions: Pour les adultes<br \/>\nEU Warranty: 2\u00a0ans<br \/>\nOther compliance information: R\u00e9pond aux exigences relatives aux petites pi\u00e8ces et \u00e0 l\u2019indice de flux magn\u00e9tique.<\/p>\n<p>En conformit\u00e9 avec le R\u00e8glement pour la S\u00e9curit\u00e9 G\u00e9n\u00e9rale des Produits (RSGP), <b>Beechfield<\/b> garantit que tous les produits de consommation propos\u00e9s sont s\u00fbrs et conformes aux normes de l&#8217;UE. Pour toute question ou pr\u00e9occupation li\u00e9e \u00e0 la s\u00e9curit\u00e9 des produits, veuillez nous contacter \u00e0 <b>beechfield@contact.com<\/b> ou nous \u00e9crire \u00e0 <b>POSTHOORNSTRAAT 17, 99135 PAYS-BAS.<b><\/b><\/b><\/p>\n","protected":false},"excerpt":{"rendered":"<p>Angers zinzineries!! Des affiches de qualit\u00e9 mus\u00e9e r\u00e9alis\u00e9es sur un papier mat \u00e9pais. Ajoutez un merveilleux accent \u00e0 votre chambre et \u00e0 votre bureau gr\u00e2ce \u00e0 ces affiches qui ne [&hellip;]<\/p>\n","protected":false},"featured_media":1447,"comment_status":"open","ping_status":"closed","template":"","meta":[],"product_brand":[],"product_cat":[17],"product_tag":[],"class_list":{"0":"post-1432","1":"product","2":"type-product","3":"status-publish","4":"has-post-thumbnail","6":"product_cat-non-classe","8":"first","9":"instock","10":"taxable","11":"shipping-taxable","12":"purchasable","13":"product-type-variable"},"jetpack_sharing_enabled":true,"_links":{"self":[{"href":"https:\/\/ierrop.shop\/index.php\/wp-json\/wp\/v2\/product\/1432","targetHints":{"allow":["GET"]}}],"collection":[{"href":"https:\/\/ierrop.shop\/index.php\/wp-json\/wp\/v2\/product"}],"about":[{"href":"https:\/\/ierrop.shop\/index.php\/wp-json\/wp\/v2\/types\/product"}],"replies":[{"embeddable":true,"href":"https:\/\/ierrop.shop\/index.php\/wp-json\/wp\/v2\/comments?post=1432"}],"wp:featuredmedia":[{"embeddable":true,"href":"https:\/\/ierrop.shop\/index.php\/wp-json\/wp\/v2\/media\/1447"}],"wp:attachment":[{"href":"https:\/\/ierrop.shop\/index.php\/wp-json\/wp\/v2\/media?parent=1432"}],"wp:term":[{"taxonomy":"product_brand","embeddable":true,"href":"https:\/\/ierrop.shop\/index.php\/wp-json\/wp\/v2\/product_brand?post=1432"},{"taxonomy":"product_cat","embeddable":true,"href":"https:\/\/ierrop.shop\/index.php\/wp-json\/wp\/v2\/product_cat?post=1432"},{"taxonomy":"product_tag","embeddable":true,"href":"https:\/\/ierrop.shop\/index.php\/wp-json\/wp\/v2\/product_tag?post=1432"}],"curies":[{"name":"wp","href":"https:\/\/api.w.org\/{rel}","templated":true}]}}