{"id":930,"date":"2025-01-18T16:46:30","date_gmt":"2025-01-18T15:46:30","guid":{"rendered":"https:\/\/ierrop.shop\/index.php\/produit\/t-shirt-ierrop-shop-blanc\/"},"modified":"2025-02-10T11:58:13","modified_gmt":"2025-02-10T10:58:13","slug":"t-shirt-ierrop-shop-blanc","status":"publish","type":"product","link":"https:\/\/ierrop.shop\/index.php\/produit\/t-shirt-ierrop-shop-blanc\/","title":{"rendered":"T-shirt ierrop.shop blanc"},"content":{"rendered":"<ul>\n<li>Col ras du cou<\/li>\n<li>\u00c9paules tombantes<\/li>\n<li>Coupe ample<\/li>\n<li>100% coton peign\u00e9<\/li>\n<li>Armure toile \u00e0 26 fils<\/li>\n<li>Pr\u00e9-r\u00e9tr\u00e9ci<\/li>\n<li>Teinture r\u00e9active pour une couleur durable<\/li>\n<li>Poids du tissu : 280g\/m\u00b2.<\/li>\n<li>Construction \u00e0 coutures lat\u00e9rales<\/li>\n<li>Bande de propret\u00e9 au niveau du cou et des \u00e9paules<\/li>\n<li>Col c\u00f4tel\u00e9 doublement cousu<\/li>\n<li>Poignets et ourlets surpiqu\u00e9s<\/li>\n<\/ul>\n<p>&nbsp;<\/p>\n<p>Laver \u00e0 l&#8217;envers \u00e0 l&#8217;eau froide sur un cycle d\u00e9licat avec un d\u00e9tergent doux. Ne pas blanchir, faire tremper, frotter ou tordre. Laver avec des v\u00eatements de m\u00eame couleur. S\u00e9cher par suspension et \u00e9viter la lumi\u00e8re directe du soleil. Repasser, ou s\u00e9cher \u00e0 basse temp\u00e9rature (max 30\u2103 ou 90\u2109).<\/p>\n","protected":false},"excerpt":{"rendered":"<p>Col ras du cou \u00c9paules tombantes Coupe ample 100% coton peign\u00e9 Armure toile \u00e0 26 fils Pr\u00e9-r\u00e9tr\u00e9ci Teinture r\u00e9active pour une couleur durable Poids du tissu : 280g\/m\u00b2. Construction \u00e0 [&hellip;]<\/p>\n","protected":false},"featured_media":937,"comment_status":"open","ping_status":"closed","template":"","meta":[],"product_brand":[],"product_cat":[17],"product_tag":[40,38,39,37],"class_list":{"0":"post-930","1":"product","2":"type-product","3":"status-publish","4":"has-post-thumbnail","6":"product_cat-non-classe","7":"product_tag-cotton","8":"product_tag-loose","9":"product_tag-t-shirt","10":"product_tag-unisex","12":"first","13":"instock","14":"taxable","15":"shipping-taxable","16":"purchasable","17":"product-type-variable"},"jetpack_sharing_enabled":true,"_links":{"self":[{"href":"https:\/\/ierrop.shop\/index.php\/wp-json\/wp\/v2\/product\/930","targetHints":{"allow":["GET"]}}],"collection":[{"href":"https:\/\/ierrop.shop\/index.php\/wp-json\/wp\/v2\/product"}],"about":[{"href":"https:\/\/ierrop.shop\/index.php\/wp-json\/wp\/v2\/types\/product"}],"replies":[{"embeddable":true,"href":"https:\/\/ierrop.shop\/index.php\/wp-json\/wp\/v2\/comments?post=930"}],"wp:featuredmedia":[{"embeddable":true,"href":"https:\/\/ierrop.shop\/index.php\/wp-json\/wp\/v2\/media\/937"}],"wp:attachment":[{"href":"https:\/\/ierrop.shop\/index.php\/wp-json\/wp\/v2\/media?parent=930"}],"wp:term":[{"taxonomy":"product_brand","embeddable":true,"href":"https:\/\/ierrop.shop\/index.php\/wp-json\/wp\/v2\/product_brand?post=930"},{"taxonomy":"product_cat","embeddable":true,"href":"https:\/\/ierrop.shop\/index.php\/wp-json\/wp\/v2\/product_cat?post=930"},{"taxonomy":"product_tag","embeddable":true,"href":"https:\/\/ierrop.shop\/index.php\/wp-json\/wp\/v2\/product_tag?post=930"}],"curies":[{"name":"wp","href":"https:\/\/api.w.org\/{rel}","templated":true}]}}